{"id":10,"date":"2010-02-01T17:16:52","date_gmt":"2010-02-01T17:16:52","guid":{"rendered":"http:\/\/www.zelenahisa.si\/tabula\/?page_id=10"},"modified":"2010-02-01T17:25:52","modified_gmt":"2010-02-01T17:25:52","slug":"zakaj","status":"publish","type":"page","link":"http:\/\/www.gi-zrmk.eu\/tabula\/?page_id=10","title":{"rendered":"Zakaj?"},"content":{"rendered":"<p>Tipologijo stavb lahko uporabljamo za:<\/p>\n<p><strong>1.\u00a0\u00a0\u00a0\u00a0 Za energetsko svetovanje<\/strong><br \/>\nTipologijo stavb bo preko spleta lahko uporabljal lastnik stavbe sam ali pa s pomo\u010djo svetovalca v energetski pisarni. Tipologija stavb slu\u017ei kot izhodi\u0161\u010de pri energetskem svatovanju. Svetovalec lastniku stavbe na podobni stavbi predstavi glavne energetske lastnosti stavbe, mo\u017ene var\u010devalne ukrepe in njihov u\u010dinek. Poleg tega se bo tipologijo lahko uporabljalo za testiranje programske opreme svetovalcev.<\/p>\n<p><strong>2.\u00a0\u00a0\u00a0\u00a0 Za oceno lokalnega stavbnega fonda<\/strong><br \/>\nZa stanovanjske fonde, ob\u010dinske uprave in upravnike ve\u010dstanovanjskih stavb je tipologija stavb orodje za oceno energijske kvalitete fonda, s katerim upravljajo. S pomo\u010djo tipologije lahko pridobijo mnogo informacij o posameznem tipu stavbe, ki jih nato projicirajo na celoten fond.<\/p>\n<p><strong>3.\u00a0\u00a0\u00a0\u00a0 Za oceno stavbnega fonda na nivoju dr\u017eave<\/strong><br \/>\nNacionalna tipologija stavb se lahko uporabi za modeliranje energijske porabe stanovanjskih stavb posamezne dr\u017eave. Za to so potrebni dodatni podatki:<\/p>\n<ul>\n<li>\u0161tevilo      posameznih tipov stavb in vgrajenih sistemov (frekven\u010dne porazdelitve)<\/li>\n<li>obseg \u017ee      izvedenih energijsko u\u010dinkovitih prenov<\/li>\n<li>merjena      poraba energije stavbnega fonda (za primerjavo z izra\u010dunanimi vrednostmi)<\/li>\n<\/ul>\n<p><strong>4.\u00a0\u00a0\u00a0\u00a0 Sodelovanje strokovnjakov<\/strong><br \/>\nStrokovnjaki <strong>dr\u017eav vklju\u010denih<\/strong> v projekt:<\/p>\n<ul>\n<li>Uporaba nacionalne tipologije stavb za namene kot so energetsko svetovanje, energijska ocena stavbnega fonda, izra\u010dun potencialnih prihrankov.<\/li>\n<li>Sodelovanje v nacionalni svetovalni skupini TABULA, svetovanje pri razvoju nacionalne tipologije stavb.<\/li>\n<li>Udele\u017eba na delavnicah znotraj projekta TABULA.<\/li>\n<\/ul>\n<p>Strokovnjaki iz <strong>dr\u017eav, ki niso vklju\u010dene<\/strong> v projekt:<\/p>\n<ul>\n<li>Uporaba strukture TABULA za razvoj nacionalne tipologije stavb in njene uporaba.<\/li>\n<li>Vzdr\u017eevanje nacionalne tipologije stavb.<\/li>\n<li>Udele\u017eba na mednarodni delavnici TABULA pozimi 2012 na Dunaju.<\/li>\n<\/ul>\n","protected":false},"excerpt":{"rendered":"<p>Tipologijo stavb lahko uporabljamo za: 1.\u00a0\u00a0\u00a0\u00a0 Za energetsko svetovanje Tipologijo stavb bo preko spleta lahko uporabljal lastnik stavbe sam ali pa s pomo\u010djo svetovalca v energetski pisarni. Tipologija stavb slu\u017ei kot izhodi\u0161\u010de pri energetskem svatovanju. Svetovalec lastniku stavbe na podobni &hellip; <a class=\"more-link\" href=\"http:\/\/www.gi-zrmk.eu\/tabula\/?page_id=10\">Continue reading <span class=\"meta-nav\">&rarr;<\/span><\/a><\/p>\n","protected":false},"author":1,"featured_media":0,"parent":0,"menu_order":0,"comment_status":"closed","ping_status":"closed","template":"","meta":{"footnotes":""},"_links":{"self":[{"href":"http:\/\/www.gi-zrmk.eu\/tabula\/index.php?rest_route=\/wp\/v2\/pages\/10"}],"collection":[{"href":"http:\/\/www.gi-zrmk.eu\/tabula\/index.php?rest_route=\/wp\/v2\/pages"}],"about":[{"href":"http:\/\/www.gi-zrmk.eu\/tabula\/index.php?rest_route=\/wp\/v2\/types\/page"}],"author":[{"embeddable":true,"href":"http:\/\/www.gi-zrmk.eu\/tabula\/index.php?rest_route=\/wp\/v2\/users\/1"}],"replies":[{"embeddable":true,"href":"http:\/\/www.gi-zrmk.eu\/tabula\/index.php?rest_route=%2Fwp%2Fv2%2Fcomments&post=10"}],"version-history":[{"count":4,"href":"http:\/\/www.gi-zrmk.eu\/tabula\/index.php?rest_route=\/wp\/v2\/pages\/10\/revisions"}],"predecessor-version":[{"id":23,"href":"http:\/\/www.gi-zrmk.eu\/tabula\/index.php?rest_route=\/wp\/v2\/pages\/10\/revisions\/23"}],"wp:attachment":[{"href":"http:\/\/www.gi-zrmk.eu\/tabula\/index.php?rest_route=%2Fwp%2Fv2%2Fmedia&parent=10"}],"curies":[{"name":"wp","href":"https:\/\/api.w.org\/{rel}","templated":true}]}}